{"id":234,"date":"2026-04-03T14:44:12","date_gmt":"2026-04-03T12:44:12","guid":{"rendered":"https:\/\/lessciensonautes.fr\/?page_id=234"},"modified":"2026-04-03T17:27:08","modified_gmt":"2026-04-03T15:27:08","slug":"mysteres-du-cosmos","status":"publish","type":"page","link":"https:\/\/lessciensonautes.fr\/?page_id=234","title":{"rendered":"Myst\u00e8res du cosmos"},"content":{"rendered":"","protected":false},"excerpt":{"rendered":"","protected":false},"author":1,"featured_media":0,"parent":0,"menu_order":0,"comment_status":"closed","ping_status":"closed","template":"","meta":{"_kad_post_transparent":"","_kad_post_title":"","_kad_post_layout":"","_kad_post_sidebar_id":"","_kad_post_content_style":"","_kad_post_vertical_padding":"","_kad_post_feature":"","_kad_post_feature_position":"","_kad_post_header":false,"_kad_post_footer":false,"_kad_post_classname":"","footnotes":""},"class_list":["post-234","page","type-page","status-publish","hentry"],"jetpack_sharing_enabled":true,"jetpack-related-posts":[{"id":55,"url":"https:\/\/lessciensonautes.fr\/","url_meta":{"origin":234,"position":0},"title":"Accueil","author":"admin","date":"mars 31, 2026","format":false,"excerpt":"Les Sciensonautes Explore les myst\u00e8res de la Terre entre science et l\u00e9gendes Commencer une mission Explorer les kits Forces de la nature Tr\u00e9sors de la Terre Mondes disparus Myst\u00e8res du cosmos Mission du jour ! Faire entrer un volcan en \u00e9ruption.Une exp\u00e9rience simple \u00e0 faire chez soi! La l\u00e9gende raconte...\u2026","rel":"","context":"Article similaire","block_context":{"text":"Article similaire","link":""},"img":{"alt_text":"","src":"https:\/\/i0.wp.com\/lessciensonautes.fr\/wp-content\/uploads\/2026\/04\/Illustration_sans_titre-edited.png?resize=350%2C200&ssl=1","width":350,"height":200,"srcset":"https:\/\/i0.wp.com\/lessciensonautes.fr\/wp-content\/uploads\/2026\/04\/Illustration_sans_titre-edited.png?resize=350%2C200&ssl=1 1x, https:\/\/i0.wp.com\/lessciensonautes.fr\/wp-content\/uploads\/2026\/04\/Illustration_sans_titre-edited.png?resize=525%2C300&ssl=1 1.5x, https:\/\/i0.wp.com\/lessciensonautes.fr\/wp-content\/uploads\/2026\/04\/Illustration_sans_titre-edited.png?resize=700%2C400&ssl=1 2x"},"classes":[]},{"id":171,"url":"https:\/\/lessciensonautes.fr\/?page_id=171","url_meta":{"origin":234,"position":1},"title":"Missions","author":"admin","date":"avril 2, 2026","format":false,"excerpt":"Centre de mission S\u00e9lectionne une mission et pars \u00e0 l'aventure pour d\u00e9couvrir les secrets de la Terre et de l'univers Forces de la nature Plonge au coeur des volcans, temp\u00eates et autres ph\u00e9nom\u00e8nes extr\u00eames Tr\u00e9sors de la Terre Pars \u00e0 la d\u00e9couverte de l'histoire de la Terre \u00e0 travers ses\u2026","rel":"","context":"Article similaire","block_context":{"text":"Article similaire","link":""},"img":{"alt_text":"","src":"https:\/\/i0.wp.com\/lessciensonautes.fr\/wp-content\/uploads\/2026\/03\/pexels-israwmx-17404093-scaled.jpg?resize=350%2C200&ssl=1","width":350,"height":200,"srcset":"https:\/\/i0.wp.com\/lessciensonautes.fr\/wp-content\/uploads\/2026\/03\/pexels-israwmx-17404093-scaled.jpg?resize=350%2C200&ssl=1 1x, https:\/\/i0.wp.com\/lessciensonautes.fr\/wp-content\/uploads\/2026\/03\/pexels-israwmx-17404093-scaled.jpg?resize=525%2C300&ssl=1 1.5x, https:\/\/i0.wp.com\/lessciensonautes.fr\/wp-content\/uploads\/2026\/03\/pexels-israwmx-17404093-scaled.jpg?resize=700%2C400&ssl=1 2x, https:\/\/i0.wp.com\/lessciensonautes.fr\/wp-content\/uploads\/2026\/03\/pexels-israwmx-17404093-scaled.jpg?resize=1050%2C600&ssl=1 3x, https:\/\/i0.wp.com\/lessciensonautes.fr\/wp-content\/uploads\/2026\/03\/pexels-israwmx-17404093-scaled.jpg?resize=1400%2C800&ssl=1 4x"},"classes":[]},{"id":17,"url":"https:\/\/lessciensonautes.fr\/?page_id=17","url_meta":{"origin":234,"position":2},"title":"Explorer","author":"admin","date":"mars 30, 2026","format":false,"excerpt":"Explorer le monde des Sciensonautes Choisis ta mission m\u00e8ne l'enqu\u00eate pour percer les myst\u00e8res de la Terre Missions scientifiquesExplore les forces de la Terre et d\u00e9couvre comment fonctionne notre plan\u00e8te Enqu\u00eates scientifiquesD\u00e9m\u00eale le vrai du faux derri\u00e8re les grandes l\u00e9gendes","rel":"","context":"Article similaire","block_context":{"text":"Article similaire","link":""},"img":{"alt_text":"A breathtaking satellite view of Earth showcasing continents and oceans.","src":"https:\/\/i0.wp.com\/lessciensonautes.fr\/wp-content\/uploads\/2026\/04\/a-breathtaking-satellite-view-of-earth-showcasing-continents-and-oceans.-30596234-1024x576.jpg?resize=350%2C200&ssl=1","width":350,"height":200,"srcset":"https:\/\/i0.wp.com\/lessciensonautes.fr\/wp-content\/uploads\/2026\/04\/a-breathtaking-satellite-view-of-earth-showcasing-continents-and-oceans.-30596234-1024x576.jpg?resize=350%2C200&ssl=1 1x, https:\/\/i0.wp.com\/lessciensonautes.fr\/wp-content\/uploads\/2026\/04\/a-breathtaking-satellite-view-of-earth-showcasing-continents-and-oceans.-30596234-1024x576.jpg?resize=525%2C300&ssl=1 1.5x, https:\/\/i0.wp.com\/lessciensonautes.fr\/wp-content\/uploads\/2026\/04\/a-breathtaking-satellite-view-of-earth-showcasing-continents-and-oceans.-30596234-1024x576.jpg?resize=700%2C400&ssl=1 2x"},"classes":[]}],"_links":{"self":[{"href":"https:\/\/lessciensonautes.fr\/index.php?rest_route=\/wp\/v2\/pages\/234","targetHints":{"allow":["GET"]}}],"collection":[{"href":"https:\/\/lessciensonautes.fr\/index.php?rest_route=\/wp\/v2\/pages"}],"about":[{"href":"https:\/\/lessciensonautes.fr\/index.php?rest_route=\/wp\/v2\/types\/page"}],"author":[{"embeddable":true,"href":"https:\/\/lessciensonautes.fr\/index.php?rest_route=\/wp\/v2\/users\/1"}],"replies":[{"embeddable":true,"href":"https:\/\/lessciensonautes.fr\/index.php?rest_route=%2Fwp%2Fv2%2Fcomments&post=234"}],"version-history":[{"count":2,"href":"https:\/\/lessciensonautes.fr\/index.php?rest_route=\/wp\/v2\/pages\/234\/revisions"}],"predecessor-version":[{"id":262,"href":"https:\/\/lessciensonautes.fr\/index.php?rest_route=\/wp\/v2\/pages\/234\/revisions\/262"}],"wp:attachment":[{"href":"https:\/\/lessciensonautes.fr\/index.php?rest_route=%2Fwp%2Fv2%2Fmedia&parent=234"}],"curies":[{"name":"wp","href":"https:\/\/api.w.org\/{rel}","templated":true}]}}